h/(-8)?
5
What is the units digit of 4/(-12)*0 - -58?
8
Suppose -4*g + g = -18. Suppose 3*b - g - 9 = 0. What is the units digit of b?
5
Let a(t) = -5*t - 11. What is the units digit of a(-6)?
9
Let h = -21 - -34. Let c = h + -9. Suppose x - c*x = -27. What is the units digit of x?
9
Let h = 20 - 2. Suppose -q = 2*q - h. Suppose 0 = -4*s + 18 + q. What is the units digit of s?
6
Let p = -6 + 9. Suppose 0 = -2*l - n + 16, -p*l - 10 = -4*n - 34. What is the units digit of l?
8
What is the tens digit of -1 - 3/6*-262?
3
Let h(v) be the first derivative of v**2/2 + 6*v - 3. What is the units digit of h(-5)?
1
Let d be 6/4 + (-60)/(-8). Suppose 2*w - d = -w. What is the units digit of w?
3
Suppose -2*z + 24 = -6*z - 3*f, 2*f = 2*z - 2. Let k(o) = -5*o - 1. What is the tens digit of k(z)?
1
What is the units digit of (-8670)/(-60) + (1 - 0)/(-2)?
4
Let q be -1 - (-3 + 2)*0. What is the units digit of ((-1)/6)/(q/6)?
1
Let l = -9 - -79. What is the tens digit of l?
7
Let p = -212 - -363. What is the tens digit of p?
5
Let i = 311 + -163. What is the units digit of i?
8
Let r = 55 + -152. Let x = r + 139. What is the units digit of x?
2
Let h(m) = -12*m + 4. What is the units digit of h(-3)?
0
Let r(o) = -o + 87. What is the units digit of r(-31)?
8
Suppose -2 - 6 = -4*p. What is the tens digit of 12 - 1*(-2 + p)?
1
Suppose 9 - 3 = -v. What is the units digit of (v + -100)*2/(-4)?
3
Suppose 6*v - 1256 = 256. What is the units digit of v?
2
Suppose -4*i = k + 30, 2*k - i = -3*i - 36. Let a = -2 - 5. Let y = a - k. What is the units digit of y?
7
Suppose 15 = -c - 2*c, 2*z = 2*c + 128. Suppose 159 = 4*h + z. What is the tens digit of h?
2
Suppose 0 = 2*b + 3*b - 80. Suppose z = -3*r + 4*r - b, 0 = 4*r - z - 58. Let y = -1 + r. What is the units digit of y?
3
Let g = 11 + -8. Suppose -g*r + 52 = 2*r + v, 4*r - v = 38. What is the units digit of (-6)/r - (-86)/10?
8
What is the units digit of (8/20)/((-4)/(-2600))?
0
Let h(v) = -v**3 - 8*v**2 + 1. Suppose 4*o - 20 - 20 = 0. Let i = o - 18. What is the units digit of h(i)?
1
Let v be (-6)/(-18)*(0 - 0). Suppose v*q + q = 1. What is the units digit of q?
1
Suppose 483 = 3*f + d, 0 = -f + 6*f - 3*d - 805. Let q = f + -109. What is the tens digit of q?
5
Suppose -5*a + 10 = -0. Suppose t - 55 = -4*c, t - 15 = -a*c + 12. What is the units digit of c?
4
What is the tens digit of 5/((-80)/(-76))*4?
1
Let q(u) be the third derivative of u**6/24 - u**4/24 + u**3/6 - 2*u**2. What is the units digit of q(1)?
5
Let p be -1 + 2 - (-2 + 3). Let n(b) = 0*b + 0 - b + p - 1. What is the units digit of n(-8)?
7
Let i(q) = -13*q**3 + 2*q. Let u be i(-2). Suppose -5*v - 19 = -y - 2*v, 4*y - u = 4*v. What is the tens digit of y?
2
Let s be 2/(-7) + 130/14. Let u = -14 + 10. What is the units digit of (6/u)/(s/(-48))?
8
Suppose 79 - 1879 = -12*r. What is the tens digit of r?
5
Let k = 37 - 21. What is the tens digit of k?
1
Let q(y) be the first derivative of -y**3/3 - 7*y**2/2 - 4*y - 2. Let l be q(-6). What is the units digit of 4 + (6/3 - l)?
4
Suppose 232 = 4*p + 5*m, 3*p - 2*m - 3*m - 209 = 0. What is the tens digit of p?
6
Suppose 2*w + 1 + 45 = 0. Let s be 6/15 + w/(-5). Suppose 5*j + s*l = -15, -l - 4*l = -4*j + 33. What is the units digit of j?
2
Suppose 4*s = -y - 9, 0 = 8*y - 4*y + 5*s + 14. Let g be ((0/(-2))/y)/(-1). Suppose -3*v + 19 + 17 = g. What is the tens digit of v?
1
Let h(p) = 10*p**2 - 2*p + 1. Let c be h(1). Suppose 0*m = -2*z - 2*m - 12, -2*z - m - c = 0. What is the units digit of 0/1 - 18/z?
6
Let o(f) be the first derivative of -3*f**2/2 - 6*f + 1. Suppose 0 = -c - 4 - 1. What is the units digit of o(c)?
9
Let t = 70 + -26. What is the units digit of t?
4
Let z = 12 - -6. Let i = 57 - z. What is the tens digit of i?
3
Suppose -2664 = 41*u - 49*u. What is the units digit of u?
3
Suppose -3*g - 3 = 5*d + 5, 3*d + g + 8 = 0. Let u(x) = -2*x - 4. Let j be u(d). Suppose j*q + 12 = 44. What is the units digit of q?
8
Let p = -34 - -119. Suppose -z = 4*z - p. Let d = z + -8. What is the units digit of d?
9
Suppose -10*c = -7*c - 54. What is the tens digit of c?
1
Suppose -2*q - 3*q = 0. Suppose q = v - 6*v. Suppose -6 = -4*l - 2*d - v*d, -5*d + 4 = -l. What is the units digit of l?
1
Let n(w) = 11*w - 2. Let z be n(3). Suppose -166 + z = -3*h. What is the tens digit of h?
4
Let y = -106 + 180. What is the tens digit of y?
7
Let h = 33 - -9. What is the tens digit of h?
4
Suppose -4 = -5*p + d, 5 = -3*d - 7. Suppose p = b - 3*o + 11, b - 13 = -o - 4*o. Let l = b + 6. What is the units digit of l?
4
Let d(n) = n + 8. What is the tens digit of d(4)?
1
Suppose 0*u + 11 = u. What is the tens digit of u?
1
Suppose 0 = -u + 4 + 2. Let q = 11 - u. What is the units digit of q?
5
Let g = 62 + -20. What is the units digit of g?
2
Let i(m) = 4*m - 6. Let x be i(15). Let f = x - 38. What is the units digit of f?
6
Let g = -9 + 1. Let h be ((-6)/g)/((-4)/32). What is the units digit of (-50)/h - 1/3?
8
Let b(h) = -h**2 + 7. Let l(o) = -o**3 - 3*o**2 - 2*o. Let u be l(-2). Let f be b(u). Suppose -3*v - 24 = -f*v. What is the units digit of v?
6
Suppose 13*s + 168 - 1481 = 0. What is the tens digit of s?
0
Let d(k) = -k**3 - 6*k**2 - 2*k - 7. Let v be d(-6). Let q = v + 1. What is the units digit of q?
6
Let g(o) = 2*o**2 - 4*o - 1. Let b be g(-5). Let u = -34 + b. What is the tens digit of u?
3
Let d be (-92)/12 + 1/(-3). Let a = -7 - d. What is the units digit of a?
1
Let z(a) = 6*a + 3. Let y be z(-4). Let b = 33 + y. What is the units digit of b?
2
Suppose 5*n = w - 30, 3*n + 2 - 36 = -2*w. Let v be 5 - (-2 - (3 - 9)). Let l = w - v. What is the units digit of l?
9
Let i(u) = -u**2 + 4*u + 2. Let t be i(4). Let k(g) = -1 + 0 + g**3 - 6*g**t + 2. What is the units digit of k(6)?
1
Let b(m) = m**3 + m + 1. Let q(h) = h + 6. Let w be q(-6). Let l be b(w). Let s = 9 + l. What is the units digit of s?
0
Suppose 77 = 3*u - 4*v, 3*u + 4*v + 0*v - 37 = 0. What is the units digit of u?
9
Let r = -54 - -337. What is the hundreds digit of r?
2
Let q(k) = -k**3 + 4*k**2 - k + 2. Let d be 2/2 + (-9)/(-3). Let n be q(d). Let r = n + 15. What is the units digit of r?
3
Let b(x) be the first derivative of x**3/3 + 4*x**2 + 4*x - 1. Let o be b(-8). Suppose 2*l = o*l - 22. What is the tens digit of l?
1
Let h = 81 - 39. What is the units digit of h?
2
Let t(l) = -l**2 + 14*l - 4. Let q be t(13). Let k(o) = -o**3 + 11*o**2 - 14*o + 18. What is the units digit of k(q)?
4
Let j be 36/10 - 8/(-20). Suppose 0*g + 4*g - 8 = 0, -152 = -j*k + 4*g. What is the units digit of k?
0
Let l be ((-48)/20)/(2/10). What is the tens digit of 28 - l - 1*3?
3
Let y(k) = -k**2 + 2*k + 4. Let p be y(3). Let u = -1 + p. Suppose 50 = -u*j + 5*j. What is the units digit of j?
0
Let s = 17 - 41. Let f be 3/(-2)*s/9. Suppose 0*t + t = f. What is the units digit of t?
4
Suppose 0 = -5*k - 5*l + 4*l + 7, 2*k - 4*l = -6. What is the units digit of ((-12)/14)/(k/(-21))?
8
Suppose -4*i + 3*i = -5. Suppose -16 = 4*f, -5*f - 92 = -i*j + j. What is the tens digit of j?
1
What is the units digit of (-10)/(-60) - 47/(-6)?
8
Let k = 23 - 5. What is the tens digit of k?
1
Let d = -6 + 6. Suppose -6*n + n - 135 = d. What is the tens digit of 119/9 + 6/n?
1
Suppose 5*y + 17 = 5*j - 3, 18 = -2*y + 4*j. Let g = -3 - -5. Let m = g - y. What is the units digit of m?
1
What is the tens digit of (9/6)/(18/744)?
6
Suppose -3*n = -15, 2*s = -2*n - 62 + 156. What is the units digit of s?
2
What is the hundreds digit of (1356/9)/4*(4 + -1)?
1
Suppose 0 = 2*p + p - 45. Suppose -2*k - k = -p. Suppose -40 = -k*t - 3*m, -13 = -2*t - t - 4*m. What is the tens digit of t?
1
Suppose -5*u + 3*r = -58, -4*r + 2*r + 8 = 0. What is the units digit of u?
4
Let w(f) = 3*f + 4 + 3 - 8. What is the units digit of w(1)?
2
Let q(f) = f**2 - 11. What is the tens digit of q(5)?
1
Let f(h) = -24*h + 1. Let p be f(1). Let z = -16 - p. What is the units digit of z?
7
Suppose -r - 36 = -2*v, -5*v + 0*v + 120 = 5*r. Let d = -9 + v. What is the tens digit of d?
1
Let n be (-21)/(-14) + 1/2. Suppose 99 = n*q - 3*i + 34, i + 80 = 3*q. What is the tens digit of q?
2
Let r = -6 - -7. Let u = 1 - r. Suppose u = 6*f - 7*f + 7. What is the units digit of f?
7
Let t(s) = s**2 - 2*s - 2. Let b be t(4). Let a = 9 